 l(k) = 25*k + 49. Calculate the remainder when l(2) is divided by 26.
21
Suppose -c = -0 - 2. Suppose 0 = -h - 0*h + c. Suppose -q + 15 = h*q. What is the remainder when 13 is divided by q?
3
Let f(u) = 2*u - 4. Let h be f(4). Suppose -4*w + w + 3*a + 12 = 0, h*w - 26 = 2*a. Calculate the remainder when w is divided by 3.
0
Let h(n) = -n**2 + 5*n + 11. Let a be h(6). Suppose a*w - 234 = 146. What is the remainder when w is divided by 16?
12
Suppose 4*i - 4*s = 133 - 1301, -2*i - 4*s - 572 = 0. What is the remainder when (i/15)/(2/(-6)) is divided by 16?
10
Suppose 3793 = 21*c - 1604. What is the remainder when c is divided by 13?
10
Suppose 4*d + 3*k + 10 - 41 = 0, 20 = 3*d - k. Suppose -3*m - 70 = -m. Let o = -2 - m. Calculate the remainder when o is divided by d.
5
Let t be 5 - 2 - 0/(-2). Suppose -112 = t*w - 7*w. Let n(l) = l**2 + 2*l + 2. What is the remainder when w is divided by n(-4)?
8
Suppose 60*i - 2497 = 6503. What is the remainder when 2847 is divided by i?
147
Suppose 10*k - 5*k - 25 = 0, 7*k - 1870 = -5*d. Calculate the remainder when d is divided by 43.
23
Let z(b) = -4*b - 2. Suppose -43 = -4*o - 2*t - 13, 4*t - 42 = -5*o. Suppose y + o + 4 = 0. Calculate the remainder when z(y) is divided by 13.
12
Let p = -11 - -17. Let j(r) = -24*r - 330. Calculate the remainder when j(-14) is divided by p.
0
What is the remainder when 24*(2/(-4))/(-1) is divided by 7?
5
Suppose 1 - 15 = -2*p. Let r be 22/55 - (-286)/10. Let j = r - 26. Calculate the remainder when p is divided by j.
1
What is the remainder when 241 is divided by ((-24)/(-4) - 12) + 33?
25
Suppose -j - 8*j = -171. What is the remainder when 49 is divided by j?
11
Let r(u) = u**3 - 26*u**2 + 53*u - 63. What is the remainder when 173 is divided by r(24)?
2
Let d(x) = 29*x + 1. Let t(n) = n. Let j(p) = -d(p) - 3*t(p). Let w be j(-2). Let y = w - 43. What is the remainder when y is divided by 11?
9
Let i be 3 + 3 + -5 + (9 - -1). Suppose 0 = -5*x - 4*u + 55, 2*x - x - i = 3*u. What is the remainder when 30 is divided by x?
8
Suppose 4*n - 329 = x, 0 = 5*n - 3*n - 2*x - 160. What is the remainder when n is divided by -4*20/8 + 22?
11
Let c(q) = q**2 + 13*q - 152. Calculate the remainder when c(15) is divided by 30.
28
Let f(z) = z**2 - 8*z - 7. Let r be f(9). Let b(n) = n**3 - 2*n**2 + 2*n - 1. Calculate the remainder when 5 is divided by b(r).
2
Let q = 1904 + -1884. Calculate the remainder when 178 is divided by q.
18
Let r(w) = -w**3 + 7*w**2 + w - 3. What is the remainder when 155 is divided by r(5)?
51
Let a = 56 - 52. Suppose a*n = 5*h + 73, 3*n + 5*h = 10*h + 61. Let r = 40 + -5. Calculate the remainder when r is divided by n.
11
Suppose -u + 23 = 18. Suppose 0 = j + 4*b - u, -3*j + 0 = 3*b - 33. Suppose 5*t + 99 = 3*y, y - 40 + 17 = 5*t. What is the remainder when y is divided by j?
12
Calculate the remainder when 8 is divided by (-5 + -5)*(-2)/5.
0
Let y(m) = m**2 - 11*m - 293. What is the remainder when 174 is divided by y(25)?
3
Let k = -213 + 254. What is the remainder when k is divided by 9?
5
Let m(r) = -r**2 + 4*r + 63. What is the remainder when 81 is divided by m(9)?
9
Suppose 4*j + 160 = s, -2*j - 565 = -3*s - 7*j. What is the remainder when s is divided by 66?
48
Let g = -246 + 643. What is the remainder when g is divided by 19?
17
Let f(g) = g**2 + 8*g + 19. Suppose 5*l + 33 = -3*p, 5*p - 6 - 41 = 3*l. What is the remainder when f(l) is divided by 15?
13
Let l = -1 + 10. Let r be 308/55*(-10)/(-4). What is the remainder when l is divided by (-8)/3*(-21)/r?
1
Suppose -3*p + 157 = -b, 3*p - 2*b = -57 + 218. Let x be (11 - (1 - 1))*(10 - 9). Let w = 38 - x. What is the remainder when p is divided by w?
24
Suppose -2*y + 464 = -2*r, 2*y + 3*r + 0*r = 479. Calculate the remainder when y is divided by 17.
14
Let m(d) = -d**3 - 4*d**2 + 2*d - 10. Suppose 10*a - 25 = 15*a. Calculate the remainder when 18 is divided by m(a).
3
Let w be ((-3)/9)/((-5)/15). Suppose b - w - 2 = 0. Suppose 78 + 6 = b*g. Calculate the remainder when g is divided by 5.
3
Suppose 5*d - 1691 = -14*d. What is the remainder when d is divided by 28?
5
Let j(g) = g**3 + 9*g**2 + 14*g + 14. What is the remainder when 39 is divided by j(-7)?
11
Let m(b) = 9*b**2 - b - 1. Let f be m(-1). Let y = f - 9. What is the remainder when 28 is divided by (y + 1)/(8/120)?
13
Let k be (-14)/(0/(-1) + 2). Let m be (-2)/9 + k/9. Let w = 22 - m. What is the remainder when w is divided by 6?
5
Suppose 18 = -k + 21. Suppose -4*p + 2*o + 151 = -k*o, -4*o - 74 = -2*p. What is the remainder when 154 is divided by p?
37
Suppose -47 = -2*t - 5*d + 20, d = 2*t - 97. Calculate the remainder when 173 is divided by t.
35
Let d(m) = m**2 - 14*m + 27. Let i be d(12). Suppose -88 = i*q - 11*q. What is the remainder when 52 is divided by q?
8
Let x = 448 - 410. Calculate the remainder when 64 is divided by x.
26
Let r(n) = -n + 5. Let l be r(7). Calculate the remainder when (-1)/(-3) + (-119)/(-3) is divided by l*(-69)/6 + -2.
19
Let j = 47 - 27. Let q(x) = x**3 - 19*x**2 - 20*x + 12. Calculate the remainder when 32 is divided by q(j).
8
Let u(x) = x**3 - 14*x**2 + 12*x + 40. What is the remainder when 113 is divided by u(13)?
5
Let a(x) = -31*x**3 - 2*x**2 - 2*x - 1. Let v be a(-1). Let m = 82 + -90. Calculate the remainder when 48 is divided by v/4*m/(-6).
8
Suppose 4*n = -5*n - 3*n. Suppose n*d - 14 = -d. What is the remainder when 52 is divided by d?
10
Let n = -28 - -32. Suppose 0 = n*t - 10 - 14. What is the remainder when 9 is divided by t?
3
Let z(k) = 98*k + 2279. What is the remainder when (-2)/(-7) - 668/(-14) is divided by z(-23)?
23
Calculate the remainder when 205 is divided by (17 - 1)*(-20)/(-40).
5
Let v be ((-66)/36 - -2) + (-119)/(-6). Let z = 32 - v. What is the remainder when 45 is divided by z?
9
Let r = 77 + -75. Suppose -2*v + 10 = d, 0*d - d = 0. Suppose -r*y + 2 = 2*m, -v*m - 3*y = -3*m + 3. What is the remainder when 23 is divided by m?
5
Suppose 3*p - 6*p = -54. Let a = 43 - p. Calculate the remainder when a is divided by -39*(1 - (-12)/(-9)).
12
Let d(h) = 3*h + 45. Let i be d(-14). Suppose 8*z = i*z + 115. What is the remainder when 68 is divided by z?
22
Let b(v) = -v**2 + 15*v - 7. Let s = 260 - 250. What is the remainder when b(6) is divided by s?
7
Let n(q) = q**3 + 15*q**2 - q - 3. Calculate the remainder when 287 is divided by n(-15).
11
Let a be (4/3*-3)/((-34)/561). What is the remainder when 17 is divided by (-1)/(a/18 + -4)?
2
Suppose 0*x + 4*x - 75 = 3*s, -x - 3*s = -30. What is the remainder when x is divided by 7?
0
Let n be 7 + -3 + -10 - -2. Let k be -2 + 20/(-6)*-12. Let a = k + n. Calculate the remainder when a is divided by 7.
6
Suppose -a = 4*n - 7, 5 - 2 = a. What is the remainder when (3 + 34/(-8))/(n/(-16)) is divided by 14?
6
Suppose 7*a = 118 + 127. What is the remainder when a is divided by 8?
3
Let x(p) = 54*p**2 - 2*p - 2. Let n be x(-1). Suppose -b + n = -11. Suppose -b = 2*k - 7*k. Calculate the remainder when 25 is divided by k.
12
Suppose 0 = -2*p - c - 0*c + 7, 3*p = -4*c + 13. Calculate the remainder when 24 is divided by p.
0
Suppose -2*y + 2 = -4. Suppose 3*u - 39 = y*z, -5*z - 20 = 2*u - 4*u. Suppose -6*i + 129 + u = 0. Calculate the remainder when 118 is divided by i.
22
Suppose -4*w - 3*l = -147, 10*w + l = 7*w + 109. Calculate the remainder when 179 is divided by w.
35
Suppose 15*z + 6 = 81. Suppose 15 = -5*i, -3*i - 1 = f + 6. Suppose -4*p + 4*m = -163 + 35, 0 = -z*p + f*m + 151. What is the remainder when p is divided by 15?
14
Suppose -y + 13*y = 7272. What is the remainder when y is divided by 76?
74
Let j(m) = -62 - 50*m + 1 + 57*m. What is the remainder when 87 is divided by j(10)?
6
Suppose -d + 364 = 4*d + 3*b, 133 = 2*d - 3*b. Calculate the remainder when d is divided by (-2)/(-13) - ((-111)/39 + -5).
7
Let m(s) = s**3 + 5*s**2 - 6*s + 1. Let j be m(-6). What is the remainder when -4*(81/(-4) + j) is divided by (-14 - (-6 - -1)) + 29?
17
What is the remainder when -1 - (-1 + -21 - -1) is divided by -13 - 7/((-77)/220)?
6
Let n(h) = -36*h - 22. Suppose 3*l - 2*l = -4*a + 77, -2*l - 2*a = -160. Calculate the remainder when l is divided by n(-1).
11
Suppose -2*m - 3*u = 9 - 24, -34 = -4*m - 2*u. What is the remainder when m is divided by 1?
0
Let i